{"id":95,"date":"2020-08-06T12:02:40","date_gmt":"2020-08-06T10:02:40","guid":{"rendered":"http:\/\/opains.fr\/?page_id=95"},"modified":"2025-08-06T14:01:04","modified_gmt":"2025-08-06T12:01:04","slug":"boutique-lafayette","status":"publish","type":"page","link":"https:\/\/opains.fr\/index.php\/boutique-lafayette\/","title":{"rendered":"La boutique, The shop"},"content":{"rendered":"\n<div style=\"height:100px\" aria-hidden=\"true\" class=\"wp-block-spacer\"><\/div>\n\n\n\n<p class=\"has-text-align-center has-ast-global-color-0-color has-ast-global-color-6-background-color has-text-color has-background has-link-color has-large-font-size wp-elements-60ed0f49970d51159f92a4171fbe0390\" style=\"border-style:none;border-width:0px;border-radius:53px;padding-top:var(--wp--preset--spacing--30);padding-right:var(--wp--preset--spacing--30);padding-bottom:var(--wp--preset--spacing--30);padding-left:var(--wp--preset--spacing--30)\">Boulangerie avenue Lafayette<\/p>\n\n\n\n<div style=\"height:100px\" aria-hidden=\"true\" class=\"wp-block-spacer\"><\/div>\n\n\n\n<div class=\"wp-block-media-text is-stacked-on-mobile\"><figure class=\"wp-block-media-text__media\"><img loading=\"lazy\" decoding=\"async\" width=\"1024\" height=\"768\" src=\"https:\/\/opains.fr\/wp-content\/uploads\/2025\/07\/opains-facade-boutique-1024x768.png\" alt=\"\" class=\"wp-image-1704 size-full\" srcset=\"https:\/\/opains.fr\/wp-content\/uploads\/2025\/07\/opains-facade-boutique-1024x768.png 1024w, https:\/\/opains.fr\/wp-content\/uploads\/2025\/07\/opains-facade-boutique-300x225.png 300w, https:\/\/opains.fr\/wp-content\/uploads\/2025\/07\/opains-facade-boutique-768x576.png 768w, https:\/\/opains.fr\/wp-content\/uploads\/2025\/07\/opains-facade-boutique.png 1134w\" sizes=\"auto, (max-width: 1024px) 100vw, 1024px\" \/><\/figure><div class=\"wp-block-media-text__content\">\n<p class=\"has-text-align-center has-ast-global-color-6-color has-text-color has-medium-font-size\" style=\"border-style:none;border-width:0px\">O pains, la boulangerie \u00ab\u00a0O\u00a0\u00bb naturel avec une fermentation qui est naturelle : \u00e9conomique, \u00e9cologique et bon pour la sant\u00e9.<\/p>\n\n\n\n<p class=\"has-text-align-center has-ast-global-color-6-color has-text-color has-medium-font-size\">C&rsquo;est aussi des produits \u00ab\u00a0maison\u00a0\u00bb que nous pr\u00e9parons avec des ingr\u00e9dients de qualit\u00e9.<\/p>\n\n\n\n<p class=\"has-text-align-center has-ast-global-color-3-color has-text-color has-medium-font-size\">The natural bakery with fermentation that is natural : economical, ecological and good for health.<\/p>\n\n\n\n<p class=\"has-text-align-center has-ast-global-color-3-color has-text-color has-medium-font-size\">It is also homemade products that we prepare with well chosen quality ingredients.<\/p>\n<\/div><\/div>\n\n\n\n<div class=\"wp-block-media-text has-media-on-the-right is-stacked-on-mobile\"><div class=\"wp-block-media-text__content\">\n<p class=\"has-medium-font-size\">A l&rsquo;interieure, il y a une multitude de produits tous aussi bons les eux que les autres&#8230;\u00e0 vous de choisir<\/p>\n<\/div><figure class=\"wp-block-media-text__media\"><img loading=\"lazy\" decoding=\"async\" width=\"1024\" height=\"768\" src=\"https:\/\/opains.fr\/wp-content\/uploads\/2025\/07\/interieur-bouique-lafayette-1024x768.png\" alt=\"\" class=\"wp-image-1705 size-full\" srcset=\"https:\/\/opains.fr\/wp-content\/uploads\/2025\/07\/interieur-bouique-lafayette-1024x768.png 1024w, https:\/\/opains.fr\/wp-content\/uploads\/2025\/07\/interieur-bouique-lafayette-300x225.png 300w, https:\/\/opains.fr\/wp-content\/uploads\/2025\/07\/interieur-bouique-lafayette-768x576.png 768w, https:\/\/opains.fr\/wp-content\/uploads\/2025\/07\/interieur-bouique-lafayette.png 1134w\" sizes=\"auto, (max-width: 1024px) 100vw, 1024px\" \/><\/figure><\/div>\n\n\n\n<div class=\"wp-block-media-text is-stacked-on-mobile\"><figure class=\"wp-block-media-text__media\"><img loading=\"lazy\" decoding=\"async\" width=\"1024\" height=\"768\" src=\"https:\/\/opains.fr\/wp-content\/uploads\/2025\/07\/opains-fournil-1024x768.png\" alt=\"\" class=\"wp-image-1706 size-full\" srcset=\"https:\/\/opains.fr\/wp-content\/uploads\/2025\/07\/opains-fournil-1024x768.png 1024w, https:\/\/opains.fr\/wp-content\/uploads\/2025\/07\/opains-fournil-300x225.png 300w, https:\/\/opains.fr\/wp-content\/uploads\/2025\/07\/opains-fournil-768x576.png 768w, https:\/\/opains.fr\/wp-content\/uploads\/2025\/07\/opains-fournil.png 1134w\" sizes=\"auto, (max-width: 1024px) 100vw, 1024px\" \/><\/figure><div class=\"wp-block-media-text__content\">\n<p class=\"has-medium-font-size\">Le fournil, ou l&rsquo;\u00e9quipe d&rsquo;Opains pr\u00e9pare quotidiennement tous les produits<\/p>\n<\/div><\/div>\n\n\n\n<div class=\"wp-block-columns is-layout-flex wp-container-core-columns-is-layout-28f84493 wp-block-columns-is-layout-flex\">\n<div class=\"wp-block-column is-layout-flow wp-block-column-is-layout-flow\">\n<p class=\"has-text-align-center has-medium-font-size\">Coordonn\u00e9es<\/p>\n\n\n\n<p class=\"has-text-align-center\">13 avenue Lafayette<\/p>\n\n\n\n<p class=\"has-text-align-center\">17300 Rochefort<\/p>\n\n\n\n<p class=\"has-text-align-center has-ast-global-color-6-color has-text-color has-link-color has-medium-font-size wp-elements-a9ee622269776e04e67c73f32a3933ee\"><strong>05 16 35 85 52<\/strong><\/p>\n\n\n\n<p class=\"has-text-align-center has-medium-font-size\">sarl.opains@sfr.fr<\/p>\n<\/div>\n\n\n\n<div class=\"wp-block-column is-layout-flow wp-block-column-is-layout-flow\">\n<p class=\"has-text-align-center has-medium-font-size\">Horaires<\/p>\n\n\n\n<p class=\"has-text-align-center\">lundi 7h00-13h30 et 15h30-19h<\/p>\n\n\n\n<p class=\"has-text-align-center\">Mardi ferm\u00e9<\/p>\n\n\n\n<p class=\"has-text-align-center\">Mercredi au samedi 7h00-13h30 et 15h30-19h<\/p>\n\n\n\n<p class=\"has-text-align-center\">dimanche 7h-13h<\/p>\n<\/div>\n<\/div>\n\n\n<\/div>\n<\/div>\n<\/div>\n<\/div>\n<\/div>\n<\/div>\n<\/div>\n<\/div>\n<\/div>\n<\/div>\n\n\n<div class=\"wp-block-buttons alignwide is-content-justification-center is-layout-flex wp-container-core-buttons-is-layout-b5994976 wp-block-buttons-is-layout-flex\">\n<div class=\"wp-block-button is-style-fill\"><a class=\"wp-block-button__link wp-element-button\" href=\"http:\/\/opains.fr\">Page d&rsquo;accueil<\/a><\/div>\n<\/div>\n\n\n\n<div style=\"height:100px\" aria-hidden=\"true\" class=\"wp-block-spacer\"><\/div>\n","protected":false},"excerpt":{"rendered":"<p>Boulangerie avenue Lafayette O pains, la boulangerie \u00ab\u00a0O\u00a0\u00bb naturel avec une fermentation qui est naturelle : \u00e9conomique, \u00e9cologique et bon pour la sant\u00e9. C&rsquo;est aussi des produits \u00ab\u00a0maison\u00a0\u00bb que nous pr\u00e9parons avec des ingr\u00e9dients de qualit\u00e9. The natural bakery with fermentation that is natural : economical, ecological and good for health. It is also homemade [&hellip;]<\/p>\n","protected":false},"author":1,"featured_media":0,"parent":0,"menu_order":0,"comment_status":"closed","ping_status":"closed","template":"templates\/template-page-full-width.php","meta":{"site-sidebar-layout":"default","site-content-layout":"","ast-site-content-layout":"","site-content-style":"default","site-sidebar-style":"default","ast-global-header-display":"disabled","ast-banner-title-visibility":"","ast-main-header-display":"","ast-hfb-above-header-display":"","ast-hfb-below-header-display":"","ast-hfb-mobile-header-display":"","site-post-title":"disabled","ast-breadcrumbs-content":"","ast-featured-img":"","footer-sml-layout":"","theme-transparent-header-meta":"","adv-header-id-meta":"","stick-header-meta":"","header-above-stick-meta":"","header-main-stick-meta":"","header-below-stick-meta":"","astra-migrate-meta-layouts":"","ast-page-background-enabled":"default","ast-page-background-meta":{"desktop":{"background-color":"var(--ast-global-color-4)","background-image":"","background-repeat":"repeat","background-position":"center center","background-size":"auto","background-attachment":"scroll","background-type":"","background-media":"","overlay-type":"","overlay-color":"","overlay-opacity":"","overlay-gradient":""},"tablet":{"background-color":"","background-image":"","background-repeat":"repeat","background-position":"center center","background-size":"auto","background-attachment":"scroll","background-type":"","background-media":"","overlay-type":"","overlay-color":"","overlay-opacity":"","overlay-gradient":""},"mobile":{"background-color":"","background-image":"","background-repeat":"repeat","background-position":"center center","background-size":"auto","background-attachment":"scroll","background-type":"","background-media":"","overlay-type":"","overlay-color":"","overlay-opacity":"","overlay-gradient":""}},"ast-content-background-meta":{"desktop":{"background-color":"var(--ast-global-color-5)","background-image":"","background-repeat":"repeat","background-position":"center center","background-size":"auto","background-attachment":"scroll","background-type":"","background-media":"","overlay-type":"","overlay-color":"","overlay-opacity":"","overlay-gradient":""},"tablet":{"background-color":"var(--ast-global-color-5)","background-image":"","background-repeat":"repeat","background-position":"center center","background-size":"auto","background-attachment":"scroll","background-type":"","background-media":"","overlay-type":"","overlay-color":"","overlay-opacity":"","overlay-gradient":""},"mobile":{"background-color":"var(--ast-global-color-5)","background-image":"","background-repeat":"repeat","background-position":"center center","background-size":"auto","background-attachment":"scroll","background-type":"","background-media":"","overlay-type":"","overlay-color":"","overlay-opacity":"","overlay-gradient":""}},"footnotes":""},"class_list":["post-95","page","type-page","status-publish","hentry"],"_links":{"self":[{"href":"https:\/\/opains.fr\/index.php\/wp-json\/wp\/v2\/pages\/95","targetHints":{"allow":["GET"]}}],"collection":[{"href":"https:\/\/opains.fr\/index.php\/wp-json\/wp\/v2\/pages"}],"about":[{"href":"https:\/\/opains.fr\/index.php\/wp-json\/wp\/v2\/types\/page"}],"author":[{"embeddable":true,"href":"https:\/\/opains.fr\/index.php\/wp-json\/wp\/v2\/users\/1"}],"replies":[{"embeddable":true,"href":"https:\/\/opains.fr\/index.php\/wp-json\/wp\/v2\/comments?post=95"}],"version-history":[{"count":61,"href":"https:\/\/opains.fr\/index.php\/wp-json\/wp\/v2\/pages\/95\/revisions"}],"predecessor-version":[{"id":1761,"href":"https:\/\/opains.fr\/index.php\/wp-json\/wp\/v2\/pages\/95\/revisions\/1761"}],"wp:attachment":[{"href":"https:\/\/opains.fr\/index.php\/wp-json\/wp\/v2\/media?parent=95"}],"curies":[{"name":"wp","href":"https:\/\/api.w.org\/{rel}","templated":true}]}}